{"id":142,"date":"2022-04-14T16:37:15","date_gmt":"2022-04-14T16:37:15","guid":{"rendered":"https:\/\/sagipetertamas.hu\/?page_id=142"},"modified":"2022-04-15T16:42:52","modified_gmt":"2022-04-15T16:42:52","slug":"termeszet","status":"publish","type":"page","link":"https:\/\/sagipetertamas.hu\/?page_id=142","title":{"rendered":"Term\u00e9szet"},"content":{"rendered":"\n<p class=\"has-text-align-center\">Term\u00e9szet \u00e9s v\u00e1rosk\u00e9pek, nagy l\u00e9pt\u00e9k \u00e9s makr\u00f3k. Poszterek, v\u00e1szonnyomatok k\u00e9sz\u00edt\u00e9se term\u00e9szeti t\u00e9m\u00e1kb\u00f3l vagy ak\u00e1r \u00e9jszakai cityscapekb\u0151l. <\/p>\n\n\n\n<figure class=\"wp-block-gallery aligncenter columns-1 is-cropped\"><ul class=\"blocks-gallery-grid\"><li class=\"blocks-gallery-item\"><figure><img loading=\"lazy\" width=\"1024\" height=\"683\" src=\"https:\/\/sagipetertamas.hu\/wp-content\/uploads\/2022\/04\/IMG_1581-1-1024x683.jpg\" alt=\"\" data-id=\"190\" data-link=\"https:\/\/sagipetertamas.hu\/?attachment_id=190\" class=\"wp-image-190\" srcset=\"https:\/\/sagipetertamas.hu\/wp-content\/uploads\/2022\/04\/IMG_1581-1-1024x683.jpg 1024w, https:\/\/sagipetertamas.hu\/wp-content\/uploads\/2022\/04\/IMG_1581-1-300x200.jpg 300w, https:\/\/sagipetertamas.hu\/wp-content\/uploads\/2022\/04\/IMG_1581-1-768x512.jpg 768w, https:\/\/sagipetertamas.hu\/wp-content\/uploads\/2022\/04\/IMG_1581-1-1536x1024.jpg 1536w, https:\/\/sagipetertamas.hu\/wp-content\/uploads\/2022\/04\/IMG_1581-1-2048x1365.jpg 2048w, https:\/\/sagipetertamas.hu\/wp-content\/uploads\/2022\/04\/IMG_1581-1-900x600.jpg 900w, https:\/\/sagipetertamas.hu\/wp-content\/uploads\/2022\/04\/IMG_1581-1-500x333.jpg 500w\" sizes=\"(max-width: 1024px) 100vw, 1024px\" \/><\/figure><\/li><li class=\"blocks-gallery-item\"><figure><img loading=\"lazy\" width=\"1024\" height=\"683\" src=\"https:\/\/sagipetertamas.hu\/wp-content\/uploads\/2022\/04\/IMG_8105-1024x683.jpg\" alt=\"\" data-id=\"192\" data-link=\"https:\/\/sagipetertamas.hu\/?attachment_id=192\" class=\"wp-image-192\" srcset=\"https:\/\/sagipetertamas.hu\/wp-content\/uploads\/2022\/04\/IMG_8105-1024x683.jpg 1024w, https:\/\/sagipetertamas.hu\/wp-content\/uploads\/2022\/04\/IMG_8105-300x200.jpg 300w, https:\/\/sagipetertamas.hu\/wp-content\/uploads\/2022\/04\/IMG_8105-768x512.jpg 768w, https:\/\/sagipetertamas.hu\/wp-content\/uploads\/2022\/04\/IMG_8105-1536x1024.jpg 1536w, https:\/\/sagipetertamas.hu\/wp-content\/uploads\/2022\/04\/IMG_8105-2048x1365.jpg 2048w, https:\/\/sagipetertamas.hu\/wp-content\/uploads\/2022\/04\/IMG_8105-900x600.jpg 900w, https:\/\/sagipetertamas.hu\/wp-content\/uploads\/2022\/04\/IMG_8105-500x333.jpg 500w\" sizes=\"(max-width: 1024px) 100vw, 1024px\" \/><\/figure><\/li><li class=\"blocks-gallery-item\"><figure><img loading=\"lazy\" width=\"1024\" height=\"653\" src=\"https:\/\/sagipetertamas.hu\/wp-content\/uploads\/2022\/04\/IMG_1008-1024x653.jpg\" alt=\"\" data-id=\"189\" data-link=\"https:\/\/sagipetertamas.hu\/?attachment_id=189\" class=\"wp-image-189\" srcset=\"https:\/\/sagipetertamas.hu\/wp-content\/uploads\/2022\/04\/IMG_1008-1024x653.jpg 1024w, https:\/\/sagipetertamas.hu\/wp-content\/uploads\/2022\/04\/IMG_1008-300x191.jpg 300w, https:\/\/sagipetertamas.hu\/wp-content\/uploads\/2022\/04\/IMG_1008-768x490.jpg 768w, https:\/\/sagipetertamas.hu\/wp-content\/uploads\/2022\/04\/IMG_1008-1536x980.jpg 1536w, https:\/\/sagipetertamas.hu\/wp-content\/uploads\/2022\/04\/IMG_1008-2048x1306.jpg 2048w, https:\/\/sagipetertamas.hu\/wp-content\/uploads\/2022\/04\/IMG_1008-900x574.jpg 900w, https:\/\/sagipetertamas.hu\/wp-content\/uploads\/2022\/04\/IMG_1008-500x319.jpg 500w\" sizes=\"(max-width: 1024px) 100vw, 1024px\" \/><\/figure><\/li><li class=\"blocks-gallery-item\"><figure><img loading=\"lazy\" width=\"1024\" height=\"683\" src=\"https:\/\/sagipetertamas.hu\/wp-content\/uploads\/2022\/04\/IMG_8110-1024x683.jpg\" alt=\"\" data-id=\"193\" data-link=\"https:\/\/sagipetertamas.hu\/?attachment_id=193\" class=\"wp-image-193\" srcset=\"https:\/\/sagipetertamas.hu\/wp-content\/uploads\/2022\/04\/IMG_8110-1024x683.jpg 1024w, https:\/\/sagipetertamas.hu\/wp-content\/uploads\/2022\/04\/IMG_8110-300x200.jpg 300w, https:\/\/sagipetertamas.hu\/wp-content\/uploads\/2022\/04\/IMG_8110-768x512.jpg 768w, https:\/\/sagipetertamas.hu\/wp-content\/uploads\/2022\/04\/IMG_8110-1536x1024.jpg 1536w, https:\/\/sagipetertamas.hu\/wp-content\/uploads\/2022\/04\/IMG_8110-2048x1365.jpg 2048w, https:\/\/sagipetertamas.hu\/wp-content\/uploads\/2022\/04\/IMG_8110-900x600.jpg 900w, https:\/\/sagipetertamas.hu\/wp-content\/uploads\/2022\/04\/IMG_8110-500x333.jpg 500w\" sizes=\"(max-width: 1024px) 100vw, 1024px\" \/><\/figure><\/li><li class=\"blocks-gallery-item\"><figure><img loading=\"lazy\" width=\"1024\" height=\"729\" src=\"https:\/\/sagipetertamas.hu\/wp-content\/uploads\/2022\/04\/IMG_1634-1024x729.jpg\" alt=\"\" data-id=\"191\" data-link=\"https:\/\/sagipetertamas.hu\/?attachment_id=191\" class=\"wp-image-191\" srcset=\"https:\/\/sagipetertamas.hu\/wp-content\/uploads\/2022\/04\/IMG_1634-1024x729.jpg 1024w, https:\/\/sagipetertamas.hu\/wp-content\/uploads\/2022\/04\/IMG_1634-300x214.jpg 300w, https:\/\/sagipetertamas.hu\/wp-content\/uploads\/2022\/04\/IMG_1634-768x547.jpg 768w, https:\/\/sagipetertamas.hu\/wp-content\/uploads\/2022\/04\/IMG_1634-1536x1093.jpg 1536w, https:\/\/sagipetertamas.hu\/wp-content\/uploads\/2022\/04\/IMG_1634-2048x1458.jpg 2048w, https:\/\/sagipetertamas.hu\/wp-content\/uploads\/2022\/04\/IMG_1634-900x641.jpg 900w, https:\/\/sagipetertamas.hu\/wp-content\/uploads\/2022\/04\/IMG_1634-500x356.jpg 500w\" sizes=\"(max-width: 1024px) 100vw, 1024px\" \/><\/figure><\/li><li class=\"blocks-gallery-item\"><figure><img loading=\"lazy\" width=\"1024\" height=\"683\" src=\"https:\/\/sagipetertamas.hu\/wp-content\/uploads\/2022\/04\/IMG_8120-copy-1024x683.jpg\" alt=\"\" data-id=\"195\" data-link=\"https:\/\/sagipetertamas.hu\/?attachment_id=195\" class=\"wp-image-195\" srcset=\"https:\/\/sagipetertamas.hu\/wp-content\/uploads\/2022\/04\/IMG_8120-copy-1024x683.jpg 1024w, https:\/\/sagipetertamas.hu\/wp-content\/uploads\/2022\/04\/IMG_8120-copy-300x200.jpg 300w, https:\/\/sagipetertamas.hu\/wp-content\/uploads\/2022\/04\/IMG_8120-copy-768x512.jpg 768w, https:\/\/sagipetertamas.hu\/wp-content\/uploads\/2022\/04\/IMG_8120-copy-1536x1024.jpg 1536w, https:\/\/sagipetertamas.hu\/wp-content\/uploads\/2022\/04\/IMG_8120-copy-2048x1365.jpg 2048w, https:\/\/sagipetertamas.hu\/wp-content\/uploads\/2022\/04\/IMG_8120-copy-900x600.jpg 900w, https:\/\/sagipetertamas.hu\/wp-content\/uploads\/2022\/04\/IMG_8120-copy-500x333.jpg 500w\" sizes=\"(max-width: 1024px) 100vw, 1024px\" \/><\/figure><\/li><li class=\"blocks-gallery-item\"><figure><img loading=\"lazy\" width=\"1024\" height=\"1024\" src=\"https:\/\/sagipetertamas.hu\/wp-content\/uploads\/2022\/04\/IMG_0530-copy-1024x1024.jpg\" alt=\"\" data-id=\"196\" data-full-url=\"https:\/\/sagipetertamas.hu\/wp-content\/uploads\/2022\/04\/IMG_0530-copy.jpg\" data-link=\"https:\/\/sagipetertamas.hu\/?attachment_id=196\" class=\"wp-image-196\" srcset=\"https:\/\/sagipetertamas.hu\/wp-content\/uploads\/2022\/04\/IMG_0530-copy-1024x1024.jpg 1024w, https:\/\/sagipetertamas.hu\/wp-content\/uploads\/2022\/04\/IMG_0530-copy-300x300.jpg 300w, https:\/\/sagipetertamas.hu\/wp-content\/uploads\/2022\/04\/IMG_0530-copy-150x150.jpg 150w, https:\/\/sagipetertamas.hu\/wp-content\/uploads\/2022\/04\/IMG_0530-copy-768x768.jpg 768w, https:\/\/sagipetertamas.hu\/wp-content\/uploads\/2022\/04\/IMG_0530-copy-1536x1536.jpg 1536w, https:\/\/sagipetertamas.hu\/wp-content\/uploads\/2022\/04\/IMG_0530-copy-2048x2048.jpg 2048w, https:\/\/sagipetertamas.hu\/wp-content\/uploads\/2022\/04\/IMG_0530-copy-900x900.jpg 900w, https:\/\/sagipetertamas.hu\/wp-content\/uploads\/2022\/04\/IMG_0530-copy-500x500.jpg 500w\" sizes=\"(max-width: 1024px) 100vw, 1024px\" \/><\/figure><\/li><li class=\"blocks-gallery-item\"><figure><img loading=\"lazy\" width=\"1024\" height=\"683\" src=\"https:\/\/sagipetertamas.hu\/wp-content\/uploads\/2022\/04\/IMG_1616-2-copy-1024x683.jpg\" alt=\"\" data-id=\"194\" data-link=\"https:\/\/sagipetertamas.hu\/?attachment_id=194\" class=\"wp-image-194\" srcset=\"https:\/\/sagipetertamas.hu\/wp-content\/uploads\/2022\/04\/IMG_1616-2-copy-1024x683.jpg 1024w, https:\/\/sagipetertamas.hu\/wp-content\/uploads\/2022\/04\/IMG_1616-2-copy-300x200.jpg 300w, https:\/\/sagipetertamas.hu\/wp-content\/uploads\/2022\/04\/IMG_1616-2-copy-768x512.jpg 768w, https:\/\/sagipetertamas.hu\/wp-content\/uploads\/2022\/04\/IMG_1616-2-copy-1536x1024.jpg 1536w, https:\/\/sagipetertamas.hu\/wp-content\/uploads\/2022\/04\/IMG_1616-2-copy-2048x1365.jpg 2048w, https:\/\/sagipetertamas.hu\/wp-content\/uploads\/2022\/04\/IMG_1616-2-copy-900x600.jpg 900w, https:\/\/sagipetertamas.hu\/wp-content\/uploads\/2022\/04\/IMG_1616-2-copy-500x333.jpg 500w\" sizes=\"(max-width: 1024px) 100vw, 1024px\" \/><\/figure><\/li><\/ul><\/figure>\n","protected":false},"excerpt":{"rendered":"<p>Term\u00e9szet \u00e9s v\u00e1rosk\u00e9pek, nagy l\u00e9pt\u00e9k \u00e9s makr\u00f3k. Poszterek, v\u00e1szonnyomatok k\u00e9sz\u00edt\u00e9se term\u00e9szeti t\u00e9m\u00e1kb\u00f3l vagy ak\u00e1r \u00e9jszakai cityscapekb\u0151l.<\/p>\n","protected":false},"author":1,"featured_media":0,"parent":0,"menu_order":0,"comment_status":"closed","ping_status":"closed","template":"","meta":[],"_links":{"self":[{"href":"https:\/\/sagipetertamas.hu\/index.php?rest_route=\/wp\/v2\/pages\/142"}],"collection":[{"href":"https:\/\/sagipetertamas.hu\/index.php?rest_route=\/wp\/v2\/pages"}],"about":[{"href":"https:\/\/sagipetertamas.hu\/index.php?rest_route=\/wp\/v2\/types\/page"}],"author":[{"embeddable":true,"href":"https:\/\/sagipetertamas.hu\/index.php?rest_route=\/wp\/v2\/users\/1"}],"replies":[{"embeddable":true,"href":"https:\/\/sagipetertamas.hu\/index.php?rest_route=%2Fwp%2Fv2%2Fcomments&post=142"}],"version-history":[{"count":4,"href":"https:\/\/sagipetertamas.hu\/index.php?rest_route=\/wp\/v2\/pages\/142\/revisions"}],"predecessor-version":[{"id":201,"href":"https:\/\/sagipetertamas.hu\/index.php?rest_route=\/wp\/v2\/pages\/142\/revisions\/201"}],"wp:attachment":[{"href":"https:\/\/sagipetertamas.hu\/index.php?rest_route=%2Fwp%2Fv2%2Fmedia&parent=142"}],"curies":[{"name":"wp","href":"https:\/\/api.w.org\/{rel}","templated":true}]}}