{"id":167,"date":"2022-04-15T15:21:14","date_gmt":"2022-04-15T15:21:14","guid":{"rendered":"https:\/\/sagipetertamas.hu\/?page_id=167"},"modified":"2022-05-03T19:02:11","modified_gmt":"2022-05-03T19:02:11","slug":"szolgaltatasok","status":"publish","type":"page","link":"https:\/\/sagipetertamas.hu\/?page_id=167","title":{"rendered":"Tov\u00e1bbi Inform\u00e1ci\u00f3"},"content":{"rendered":"\n<div class=\"wp-block-cover alignright\" style=\"min-height:752px\"><img loading=\"lazy\" width=\"1024\" height=\"683\" class=\"wp-block-cover__image-background wp-image-225\" alt=\"\" src=\"https:\/\/sagipetertamas.hu\/wp-content\/uploads\/2022\/05\/IMG_2183-copy-1024x683.jpg\" style=\"object-position:71% 0%\" data-object-fit=\"cover\" data-object-position=\"71% 0%\" srcset=\"https:\/\/sagipetertamas.hu\/wp-content\/uploads\/2022\/05\/IMG_2183-copy-1024x683.jpg 1024w, https:\/\/sagipetertamas.hu\/wp-content\/uploads\/2022\/05\/IMG_2183-copy-300x200.jpg 300w, https:\/\/sagipetertamas.hu\/wp-content\/uploads\/2022\/05\/IMG_2183-copy-768x512.jpg 768w, https:\/\/sagipetertamas.hu\/wp-content\/uploads\/2022\/05\/IMG_2183-copy-1536x1024.jpg 1536w, https:\/\/sagipetertamas.hu\/wp-content\/uploads\/2022\/05\/IMG_2183-copy-2048x1365.jpg 2048w, https:\/\/sagipetertamas.hu\/wp-content\/uploads\/2022\/05\/IMG_2183-copy-900x600.jpg 900w, https:\/\/sagipetertamas.hu\/wp-content\/uploads\/2022\/05\/IMG_2183-copy-500x333.jpg 500w\" sizes=\"(max-width: 1024px) 100vw, 1024px\" \/><div class=\"wp-block-cover__inner-container\">\n<p class=\"has-large-font-size\"><\/p>\n<\/div><\/div>\n\n\n\n<p class=\"has-text-align-left\">S\u00e1gi P\u00e9ter Tam\u00e1s vagyok, f\u00e9nyk\u00e9p\u00e9sz \u00e9s vide\u00f3s. K\u00f6r\u00fclbel\u00fcl t\u00edz \u00e9ve foglalkozom fot\u00f3z\u00e1ssal, v\u00e1ltozatos ter\u00fcleteken. Minden \u00e1ltalam v\u00e1llalt munka egy Full Frame MILC v\u00e1zon ker\u00fcl kivitelez\u00e9sre, ezzel biztos\u00edtva a kimagasl\u00f3 min\u0151s\u00e9get, ak\u00e1r digit\u00e1lis megjelen\u00edt\u00e9sr\u0151l, ak\u00e1r nyomatokr\u00f3l legyen sz\u00f3. <\/p>\n\n\n\n<p class=\"has-text-align-left\">Kreat\u00edv profilom soksz\u00edn\u0171: <\/p>\n\n\n\n<ul><li>V\u00e1llalok k\u00fclt\u00e9ri vagy st\u00fadi\u00f3 portr\u00e9fot\u00f3z\u00e1sokat <\/li><li>Marketing c\u00e9lra felhaszn\u00e1lhat\u00f3 term\u00e9k vagy \u00e9telfot\u00f3z\u00e1st <\/li><li>Pontos m\u0171t\u00e1rgy- \u00e9s reprodukci\u00f3s fot\u00f3z\u00e1st <\/li><li>N\u00f6v\u00e9nyekr\u0151l vagy h\u00e1zikedvencekr\u0151l is k\u00e9sz\u00edtek k\u00e9peket<\/li><li>V\u00e1llalok vide\u00f3z\u00e1st konferenci\u00e1n, egy\u00e9b rendezv\u00e9nyen, illetve<\/li><li>R\u00f6vid vide\u00f3k \u00e9s B-roll k\u00e9sz\u00edt\u00e9s\u00e9t marketing c\u00e9llal <\/li><\/ul>\n\n\n\n<p>Ezen fel\u00fcl sz\u00edvesen v\u00e1llalok egy\u00e9b kreat\u00edv munk\u00e1kat, \u00fagy mint:<\/p>\n\n\n\n<ul><li>Elk\u00e9sz\u00fclt vide\u00f3anyag kreat\u00edv v\u00e1g\u00e1s\u00e1t <\/li><li>Instagram marketing anyag k\u00e9sz\u00edt\u00e9s\u00e9t vide\u00f3kb\u00f3l \u00e9s fot\u00f3kb\u00f3l <\/li><li>YouTube vide\u00f3k k\u00e9sz\u00edt\u00e9s\u00e9t a forgat\u00e1st\u00f3l az ut\u00f3munk\u00e1ig <\/li><li>Szem\u00e9lyre szabott fot\u00f3s \u00e9s vide\u00f3s oktat\u00e1st <\/li><li>Kamera csere programot, mely sor\u00e1n seg\u00edtek eladni a m\u00e1r megl\u00e9v\u0151 v\u00e1zad \u00e9s tal\u00e1lni egy jobban hozz\u00e1d ill\u0151t <\/li><\/ul>\n","protected":false},"excerpt":{"rendered":"<p>S\u00e1gi P\u00e9ter Tam\u00e1s vagyok, f\u00e9nyk\u00e9p\u00e9sz \u00e9s vide\u00f3s. K\u00f6r\u00fclbel\u00fcl t\u00edz \u00e9ve foglalkozom fot\u00f3z\u00e1ssal, v\u00e1ltozatos ter\u00fcleteken. Minden \u00e1ltalam v\u00e1llalt munka egy Full Frame MILC v\u00e1zon ker\u00fcl kivitelez\u00e9sre, ezzel biztos\u00edtva a kimagasl\u00f3 min\u0151s\u00e9get, ak\u00e1r digit\u00e1lis megjelen\u00edt\u00e9sr\u0151l, ak\u00e1r nyomatokr\u00f3l legyen sz\u00f3. Kreat\u00edv profilom soksz\u00edn\u0171: V\u00e1llalok k\u00fclt\u00e9ri vagy st\u00fadi\u00f3 portr\u00e9fot\u00f3z\u00e1sokat Marketing c\u00e9lra felhaszn\u00e1lhat\u00f3 term\u00e9k vagy \u00e9telfot\u00f3z\u00e1st Pontos m\u0171t\u00e1rgy- \u00e9s reprodukci\u00f3s fot\u00f3z\u00e1st N\u00f6v\u00e9nyekr\u0151l vagy h\u00e1zikedvencekr\u0151l is k\u00e9sz\u00edtek k\u00e9peket V\u00e1llalok vide\u00f3z\u00e1st konferenci\u00e1n, egy\u00e9b rendezv\u00e9nyen, illetve R\u00f6vid vide\u00f3k \u00e9s B-roll k\u00e9sz\u00edt\u00e9s\u00e9t marketing c\u00e9llal Ezen fel\u00fcl sz\u00edvesen v\u00e1llalok egy\u00e9b kreat\u00edv munk\u00e1kat, \u00fagy mint: Elk\u00e9sz\u00fclt vide\u00f3anyag kreat\u00edv v\u00e1g\u00e1s\u00e1t Instagram marketing anyag k\u00e9sz\u00edt\u00e9s\u00e9t vide\u00f3kb\u00f3l \u00e9s fot\u00f3kb\u00f3l YouTube vide\u00f3k k\u00e9sz\u00edt\u00e9s\u00e9t a forgat\u00e1st\u00f3l az ut\u00f3munk\u00e1ig Szem\u00e9lyre szabott fot\u00f3s \u00e9s vide\u00f3s oktat\u00e1st Kamera csere programot, mely sor\u00e1n seg\u00edtek eladni a m\u00e1r megl\u00e9v\u0151 v\u00e1zad \u00e9s tal\u00e1lni egy jobban hozz\u00e1d ill\u0151t<\/p>\n","protected":false},"author":1,"featured_media":0,"parent":0,"menu_order":0,"comment_status":"closed","ping_status":"closed","template":"","meta":[],"_links":{"self":[{"href":"https:\/\/sagipetertamas.hu\/index.php?rest_route=\/wp\/v2\/pages\/167"}],"collection":[{"href":"https:\/\/sagipetertamas.hu\/index.php?rest_route=\/wp\/v2\/pages"}],"about":[{"href":"https:\/\/sagipetertamas.hu\/index.php?rest_route=\/wp\/v2\/types\/page"}],"author":[{"embeddable":true,"href":"https:\/\/sagipetertamas.hu\/index.php?rest_route=\/wp\/v2\/users\/1"}],"replies":[{"embeddable":true,"href":"https:\/\/sagipetertamas.hu\/index.php?rest_route=%2Fwp%2Fv2%2Fcomments&post=167"}],"version-history":[{"count":21,"href":"https:\/\/sagipetertamas.hu\/index.php?rest_route=\/wp\/v2\/pages\/167\/revisions"}],"predecessor-version":[{"id":276,"href":"https:\/\/sagipetertamas.hu\/index.php?rest_route=\/wp\/v2\/pages\/167\/revisions\/276"}],"wp:attachment":[{"href":"https:\/\/sagipetertamas.hu\/index.php?rest_route=%2Fwp%2Fv2%2Fmedia&parent=167"}],"curies":[{"name":"wp","href":"https:\/\/api.w.org\/{rel}","templated":true}]}}