{"id":69,"date":"2022-04-11T19:49:24","date_gmt":"2022-04-11T19:49:24","guid":{"rendered":"https:\/\/sagipetertamas.hu\/?page_id=69"},"modified":"2022-05-03T17:31:10","modified_gmt":"2022-05-03T17:31:10","slug":"portrek","status":"publish","type":"page","link":"https:\/\/sagipetertamas.hu\/?page_id=69","title":{"rendered":"Portr\u00e9k"},"content":{"rendered":"\n<p class=\"has-text-align-center\">Klasszikus portr\u00e9k k\u00e9sz\u00edt\u00e9se term\u00e9szetes f\u00e9nyben, vagy ak\u00e1r st\u00fadi\u00f3ban. <\/p>\n\n\n\n<div class=\"wp-block-image\"><figure class=\"aligncenter size-large\"><img loading=\"lazy\" width=\"1024\" height=\"683\" src=\"https:\/\/sagipetertamas.hu\/wp-content\/uploads\/2022\/04\/IMG_1355-2-copy-1024x683.jpg\" alt=\"\" class=\"wp-image-81\" srcset=\"https:\/\/sagipetertamas.hu\/wp-content\/uploads\/2022\/04\/IMG_1355-2-copy-1024x683.jpg 1024w, https:\/\/sagipetertamas.hu\/wp-content\/uploads\/2022\/04\/IMG_1355-2-copy-300x200.jpg 300w, https:\/\/sagipetertamas.hu\/wp-content\/uploads\/2022\/04\/IMG_1355-2-copy-768x512.jpg 768w, https:\/\/sagipetertamas.hu\/wp-content\/uploads\/2022\/04\/IMG_1355-2-copy-1536x1024.jpg 1536w, https:\/\/sagipetertamas.hu\/wp-content\/uploads\/2022\/04\/IMG_1355-2-copy-2048x1365.jpg 2048w, https:\/\/sagipetertamas.hu\/wp-content\/uploads\/2022\/04\/IMG_1355-2-copy-900x600.jpg 900w, https:\/\/sagipetertamas.hu\/wp-content\/uploads\/2022\/04\/IMG_1355-2-copy-500x333.jpg 500w\" sizes=\"(max-width: 1024px) 100vw, 1024px\" \/><\/figure><\/div>\n\n\n\n<div class=\"wp-block-image\"><figure class=\"aligncenter size-large\"><img loading=\"lazy\" width=\"1024\" height=\"683\" src=\"https:\/\/sagipetertamas.hu\/wp-content\/uploads\/2022\/04\/IMG_2662-copy-1024x683.jpg\" alt=\"\" class=\"wp-image-82\" srcset=\"https:\/\/sagipetertamas.hu\/wp-content\/uploads\/2022\/04\/IMG_2662-copy-1024x683.jpg 1024w, https:\/\/sagipetertamas.hu\/wp-content\/uploads\/2022\/04\/IMG_2662-copy-300x200.jpg 300w, https:\/\/sagipetertamas.hu\/wp-content\/uploads\/2022\/04\/IMG_2662-copy-768x512.jpg 768w, https:\/\/sagipetertamas.hu\/wp-content\/uploads\/2022\/04\/IMG_2662-copy-1536x1024.jpg 1536w, https:\/\/sagipetertamas.hu\/wp-content\/uploads\/2022\/04\/IMG_2662-copy-2048x1365.jpg 2048w, https:\/\/sagipetertamas.hu\/wp-content\/uploads\/2022\/04\/IMG_2662-copy-900x600.jpg 900w, https:\/\/sagipetertamas.hu\/wp-content\/uploads\/2022\/04\/IMG_2662-copy-500x333.jpg 500w\" sizes=\"(max-width: 1024px) 100vw, 1024px\" \/><\/figure><\/div>\n\n\n\n<div class=\"wp-block-image\"><figure class=\"aligncenter size-large\"><img loading=\"lazy\" width=\"1024\" height=\"676\" src=\"https:\/\/sagipetertamas.hu\/wp-content\/uploads\/2022\/04\/IMG_3354-copy-3-1024x676.jpg\" alt=\"\" class=\"wp-image-209\" srcset=\"https:\/\/sagipetertamas.hu\/wp-content\/uploads\/2022\/04\/IMG_3354-copy-3-1024x676.jpg 1024w, https:\/\/sagipetertamas.hu\/wp-content\/uploads\/2022\/04\/IMG_3354-copy-3-300x198.jpg 300w, https:\/\/sagipetertamas.hu\/wp-content\/uploads\/2022\/04\/IMG_3354-copy-3-768x507.jpg 768w, https:\/\/sagipetertamas.hu\/wp-content\/uploads\/2022\/04\/IMG_3354-copy-3-1536x1014.jpg 1536w, https:\/\/sagipetertamas.hu\/wp-content\/uploads\/2022\/04\/IMG_3354-copy-3-2048x1353.jpg 2048w, https:\/\/sagipetertamas.hu\/wp-content\/uploads\/2022\/04\/IMG_3354-copy-3-900x594.jpg 900w, https:\/\/sagipetertamas.hu\/wp-content\/uploads\/2022\/04\/IMG_3354-copy-3-500x330.jpg 500w\" sizes=\"(max-width: 1024px) 100vw, 1024px\" \/><\/figure><\/div>\n\n\n\n<figure class=\"wp-block-gallery aligncenter columns-0 is-cropped\"><ul class=\"blocks-gallery-grid\"><\/ul><\/figure>\n\n\n\n<div class=\"wp-block-image\"><figure class=\"aligncenter size-large\"><img loading=\"lazy\" width=\"1024\" height=\"683\" src=\"https:\/\/sagipetertamas.hu\/wp-content\/uploads\/2022\/04\/IMG_8602-1024x683.jpg\" alt=\"\" class=\"wp-image-72\" srcset=\"https:\/\/sagipetertamas.hu\/wp-content\/uploads\/2022\/04\/IMG_8602-1024x683.jpg 1024w, https:\/\/sagipetertamas.hu\/wp-content\/uploads\/2022\/04\/IMG_8602-300x200.jpg 300w, https:\/\/sagipetertamas.hu\/wp-content\/uploads\/2022\/04\/IMG_8602-768x512.jpg 768w, https:\/\/sagipetertamas.hu\/wp-content\/uploads\/2022\/04\/IMG_8602-1536x1024.jpg 1536w, https:\/\/sagipetertamas.hu\/wp-content\/uploads\/2022\/04\/IMG_8602-2048x1365.jpg 2048w, https:\/\/sagipetertamas.hu\/wp-content\/uploads\/2022\/04\/IMG_8602-900x600.jpg 900w, https:\/\/sagipetertamas.hu\/wp-content\/uploads\/2022\/04\/IMG_8602-500x333.jpg 500w\" sizes=\"(max-width: 1024px) 100vw, 1024px\" \/><\/figure><\/div>\n\n\n\n<div class=\"wp-block-image\"><figure class=\"aligncenter size-large\"><img loading=\"lazy\" width=\"1024\" height=\"683\" src=\"https:\/\/sagipetertamas.hu\/wp-content\/uploads\/2022\/04\/IMG_9511-1024x683.jpg\" alt=\"\" class=\"wp-image-73\" srcset=\"https:\/\/sagipetertamas.hu\/wp-content\/uploads\/2022\/04\/IMG_9511-1024x683.jpg 1024w, https:\/\/sagipetertamas.hu\/wp-content\/uploads\/2022\/04\/IMG_9511-300x200.jpg 300w, https:\/\/sagipetertamas.hu\/wp-content\/uploads\/2022\/04\/IMG_9511-768x512.jpg 768w, https:\/\/sagipetertamas.hu\/wp-content\/uploads\/2022\/04\/IMG_9511-1536x1024.jpg 1536w, https:\/\/sagipetertamas.hu\/wp-content\/uploads\/2022\/04\/IMG_9511-2048x1365.jpg 2048w, https:\/\/sagipetertamas.hu\/wp-content\/uploads\/2022\/04\/IMG_9511-900x600.jpg 900w, https:\/\/sagipetertamas.hu\/wp-content\/uploads\/2022\/04\/IMG_9511-500x333.jpg 500w\" sizes=\"(max-width: 1024px) 100vw, 1024px\" \/><\/figure><\/div>\n\n\n\n<div class=\"wp-block-image is-style-default\"><figure class=\"aligncenter size-large\"><img loading=\"lazy\" width=\"1024\" height=\"683\" src=\"https:\/\/sagipetertamas.hu\/wp-content\/uploads\/2022\/04\/IMG_9645-1024x683.jpg\" alt=\"\" class=\"wp-image-74\" srcset=\"https:\/\/sagipetertamas.hu\/wp-content\/uploads\/2022\/04\/IMG_9645-1024x683.jpg 1024w, https:\/\/sagipetertamas.hu\/wp-content\/uploads\/2022\/04\/IMG_9645-300x200.jpg 300w, https:\/\/sagipetertamas.hu\/wp-content\/uploads\/2022\/04\/IMG_9645-768x512.jpg 768w, https:\/\/sagipetertamas.hu\/wp-content\/uploads\/2022\/04\/IMG_9645-1536x1024.jpg 1536w, https:\/\/sagipetertamas.hu\/wp-content\/uploads\/2022\/04\/IMG_9645-2048x1365.jpg 2048w, https:\/\/sagipetertamas.hu\/wp-content\/uploads\/2022\/04\/IMG_9645-900x600.jpg 900w, https:\/\/sagipetertamas.hu\/wp-content\/uploads\/2022\/04\/IMG_9645-500x333.jpg 500w\" sizes=\"(max-width: 1024px) 100vw, 1024px\" \/><\/figure><\/div>\n\n\n\n<div class=\"wp-block-image\"><figure class=\"aligncenter size-large\"><img loading=\"lazy\" width=\"1024\" height=\"683\" src=\"https:\/\/sagipetertamas.hu\/wp-content\/uploads\/2022\/04\/IMG_5715-1024x683.jpg\" alt=\"\" class=\"wp-image-71\" srcset=\"https:\/\/sagipetertamas.hu\/wp-content\/uploads\/2022\/04\/IMG_5715-1024x683.jpg 1024w, https:\/\/sagipetertamas.hu\/wp-content\/uploads\/2022\/04\/IMG_5715-300x200.jpg 300w, https:\/\/sagipetertamas.hu\/wp-content\/uploads\/2022\/04\/IMG_5715-768x512.jpg 768w, https:\/\/sagipetertamas.hu\/wp-content\/uploads\/2022\/04\/IMG_5715-1536x1024.jpg 1536w, https:\/\/sagipetertamas.hu\/wp-content\/uploads\/2022\/04\/IMG_5715-2048x1365.jpg 2048w, https:\/\/sagipetertamas.hu\/wp-content\/uploads\/2022\/04\/IMG_5715-900x600.jpg 900w, https:\/\/sagipetertamas.hu\/wp-content\/uploads\/2022\/04\/IMG_5715-500x333.jpg 500w\" sizes=\"(max-width: 1024px) 100vw, 1024px\" \/><\/figure><\/div>\n","protected":false},"excerpt":{"rendered":"<p>Klasszikus portr\u00e9k k\u00e9sz\u00edt\u00e9se term\u00e9szetes f\u00e9nyben, vagy ak\u00e1r st\u00fadi\u00f3ban.<\/p>\n","protected":false},"author":1,"featured_media":0,"parent":0,"menu_order":0,"comment_status":"closed","ping_status":"closed","template":"","meta":[],"_links":{"self":[{"href":"https:\/\/sagipetertamas.hu\/index.php?rest_route=\/wp\/v2\/pages\/69"}],"collection":[{"href":"https:\/\/sagipetertamas.hu\/index.php?rest_route=\/wp\/v2\/pages"}],"about":[{"href":"https:\/\/sagipetertamas.hu\/index.php?rest_route=\/wp\/v2\/types\/page"}],"author":[{"embeddable":true,"href":"https:\/\/sagipetertamas.hu\/index.php?rest_route=\/wp\/v2\/users\/1"}],"replies":[{"embeddable":true,"href":"https:\/\/sagipetertamas.hu\/index.php?rest_route=%2Fwp%2Fv2%2Fcomments&post=69"}],"version-history":[{"count":20,"href":"https:\/\/sagipetertamas.hu\/index.php?rest_route=\/wp\/v2\/pages\/69\/revisions"}],"predecessor-version":[{"id":241,"href":"https:\/\/sagipetertamas.hu\/index.php?rest_route=\/wp\/v2\/pages\/69\/revisions\/241"}],"wp:attachment":[{"href":"https:\/\/sagipetertamas.hu\/index.php?rest_route=%2Fwp%2Fv2%2Fmedia&parent=69"}],"curies":[{"name":"wp","href":"https:\/\/api.w.org\/{rel}","templated":true}]}}